105))/(((-42)/200)/7)?
2
Suppose -o + 2 = -4*l, 4*o + 12 = -0*l - 4*l. What is the tens digit of (2*l)/(24/(-360))?
3
Suppose -4*c - 3*j = -1582, -c + 2*j = 2*c - 1178. What is the units digit of c?
4
Let b(a) = -a**3 - 7*a**2 - 13*a - 6. Let j = -16 + 33. Suppose 0 = 4*n + 3 + j. What is the units digit of b(n)?
9
Suppose 3*v - 4*v + 211 = 2*q, 3*v - 583 = 4*q. Suppose 0 = 3*m - v - 147. What is the tens digit of m?
1
Suppose 179*w - 180*w = -1089. What is the hundreds digit of w?
0
Let s = 14 - -14. Suppose -2*h - 112 = -s. What is the tens digit of (h/(-5))/((-24)/(-80))?
2
Suppose 3*g - 925 = 4*p, -5*g - 2*p = -2*g - 955. What is the units digit of g?
5
Let a = 1296 - 896. What is the hundreds digit of a?
4
Suppose 4*d + 7*d - 4015 = 0. What is the tens digit of d?
6
Let z = -1881 + 3748. What is the hundreds digit of z?
8
What is the units digit of (1/2)/(11/13904)?
2
Let d = 1534 + -1037. What is the units digit of d?
7
Suppose 5*u - 16320 = 5*l, 2*u - 6662 = 3*l - 131. What is the tens digit of u?
6
Let b = 114 + -112. Suppose -3 = -d, -b*m + 5*d = -251 - 124. What is the units digit of m?
5
Suppose -7*w = -4*w + 15, -5*w + 4139 = 4*m. What is the thousands digit of m?
1
Let m(i) be the second derivative of 11*i**5/5 + i**3/6 + 104*i. Let c(d) = -d**3 + 5*d**2 - d + 6. Let v be c(5). What is the units digit of m(v)?
5
Let q(i) = 11*i**3 + 5*i**2 - 8*i + 2. What is the hundreds digit of q(3)?
3
Suppose 0 = b - 3 - 0. Suppose 3*p = 4*a + 154, -b*p - 4*a + 172 = a. What is the tens digit of p?
5
Let n(s) = -s**3 + 11*s**2 + s + 18. Let w = -37 + 48. What is the tens digit of n(w)?
2
Suppose -2*f = -4*a - 2086, 4*a + 3137 = 8*f - 5*f. What is the hundreds digit of f?
0
Suppose 2*j - 45 = 25. Let q = -26 + j. What is the units digit of q?
9
Suppose -q = -5*n + 47 + 940, 4*q + 8 = 0. Let l = 385 - n. What is the hundreds digit of l?
1
Suppose 5*r - 23 = 72. Suppose r = 2*z - 41. What is the tens digit of z?
3
Suppose n + n = 3*u + 23, -3*n + 10 = -u. Let x(v) = -1 - v**3 - 3*v**2 + 3 - 4*v**2. What is the units digit of x(u)?
2
Suppose 5*p - 13*p + 3872 = 0. What is the units digit of p?
4
Suppose -548 + 82 = -j. Let v = j + -189. What is the units digit of v?
7
Suppose 3*n = -2*n - r - 969, 192 = -n - 2*r. Let z = 289 + n. What is the units digit of z?
5
Let m be 1/(-2) - (-11)/(-2)*-49. Suppose -3*h + m = 2*c, -79 = -h + 3*c - c. What is the tens digit of h?
8
Let m(h) = h - 3. Let o = 0 - -6. Let z be m(o). Suppose z*a - 2*j - 3*j - 18 = 0, 4*j = -12. What is the units digit of a?
1
Let v(y) = 6*y**2 - y - 7. Let n(c) = 4*c + 9. Let s be n(-3). What is the units digit of v(s)?
0
Let l be 3*(4 + -5) - -6. Suppose f + 1 = 2*o - 77, -118 = -l*o + 2*f. Suppose 3 = w - o. What is the units digit of w?
1
Suppose 0 = 2*g - 490 + 120. What is the tens digit of g?
8
Let r be -10*((-2)/10 - 12/40). Suppose r*y - 615 = 185. What is the tens digit of y?
6
Suppose 3*t = -2*w + 3, -2*w - 1 = -t + w. Let i(c) = 286*c + 2. What is the hundreds digit of i(t)?
2
Suppose -3*q + 20 = 2*x, 0 = -0*q + q + 4*x - 10. Let h(n) = 11*n. What is the tens digit of h(q)?
6
Suppose -2*f = -4*o + 7676, -f - 2 = -0. Suppose -4*b - 2552 = -4*c, 3*c - o = -3*b + 8*b. What is the units digit of c/48 - 1/4?
3
Suppose -13*c + 0 = -39. What is the tens digit of (9 - c)/(-12)*-442?
2
What is the units digit of 7485/(-90)*(-72)/4?
7
Suppose c = 5*c - 20, -390 = -y + 3*c. Suppose q + 5*t = 3*q - y, 755 = 4*q + t. What is the hundreds digit of q?
1
Suppose -30*i + 660 = -10*i. What is the tens digit of i?
3
What is the tens digit of (-51508)/(-20) - 26/65?
7
Suppose -3*m - 257 - 133 = 0. Let f = m + 239. What is the tens digit of f?
0
Let y = 11 + -6. Suppose y*o - v = -5*v + 153, 5*o + v = 162. Suppose -k + 14 = -h, -2*h = -2*k + h + o. What is the units digit of k?
9
Suppose 2*p + p - 48 = 0. Let o = 0 - -2. Suppose o*n + 2 = p. What is the units digit of n?
7
Suppose -5741 = -5*b + 4*r, -3*b + 0*r + 3*r = -3444. What is the thousands digit of b?
1
Let x(p) = 1. Let l(n) = 14*n**2 - 2*n + 8. Let s(m) = l(m) - 4*x(m). Suppose 0 = -3*u - 3 + 9. What is the units digit of s(u)?
6
Let i = -209 + 373. Let j = i + -115. What is the units digit of j?
9
Let h(o) = -o**3 + 6*o**2 - 6*o - 5. Let n be h(5). Let y be 55/(-22)*12/n. Suppose 132 = y*d + 3*g, 6*g - 52 = -d + g. What is the tens digit of d?
4
Let g be -3*(2 + (-32)/12). What is the tens digit of g*(1 - (-9)/2)?
1
Suppose 5*c - 12554 = -2309. What is the units digit of c?
9
Suppose 0 = -7*y + 449 + 7335. What is the tens digit of y?
1
Suppose 5*h - 20 = 20. Suppose -3*n + h = -4*n. What is the units digit of ((-12)/n)/((-3)/(-38))?
9
Let o(r) = -9*r**2 - 8*r**2 - 22 + 16*r**2 + 14*r. What is the units digit of o(8)?
6
Let t(u) = 2*u - 4. Let s be t(10). Let n = 13 + s. What is the tens digit of n?
2
Let g = 2624 + -394. What is the hundreds digit of g?
2
Let j = 1213 - 823. What is the units digit of j?
0
Let b(l) = -24*l**3 + 0 + 3*l + 20*l**3 + 1. What is the units digit of b(-3)?
0
Let h = -77 - -95. Suppose h*z + 350 = 23*z. What is the tens digit of z?
7
Suppose 0 = -5*h + h. Suppose 5*f - 4*o - 1 + 3 = h, 0 = 5*o + 10. What is the units digit of 6 + 2 - (f - -6)?
4
Let f(j) = -j**3 + 16*j**2 + 17*j + 6. Let t be f(17). Suppose -3*b - t + 0 = 0, -5*o = -2*b - 394. What is the tens digit of o?
7
Let u(w) = w**3 + 15*w**2 + 7*w + 23. What is the hundreds digit of u(-10)?
4
What is the tens digit of (38/12)/((5/(-30))/(-1))?
1
Suppose -g + 2*g - 22 = 0. Suppose i + 4*s - s = g, 3*s = -15. Suppose -3*w + i + 14 = 0. What is the tens digit of w?
1
Suppose 5*y = -2*l + 26, 3*l - 5*y + 4 = -7. Let n(q) = 10*q + 2. What is the units digit of n(l)?
2
Suppose -2*b - 6*b + 6976 = 0. Suppose -52*u - b = -56*u. What is the tens digit of u?
1
Let h(u) = -u**3 + 18*u**2 + 22*u - 27. Let s be h(19). Suppose -12*c - s = -10*c. What is the tens digit of (-1)/3 - 1100/c?
7
Let u be -6*((-5)/2 + 0). Suppose -17*p = -u*p. Let q(y) = y**3 + y**2 - y + 15. What is the tens digit of q(p)?
1
What is the thousands digit of -708*(112/(-60) + (-12)/90)?
1
Let l = -48 - -44. What is the units digit of (-39 - l)*(-4)/5?
8
Let l(f) be the third derivative of -5*f**4/24 - 7*f**3/6 - 15*f**2. What is the units digit of l(-6)?
3
Suppose 1 = -0*q + q. Let i be 8/2 + q + -3. Suppose 5*b + y + 2*y = 266, 0 = b + i*y - 56. What is the tens digit of b?
5
Suppose 0 = 22*g - 21453 - 16761. What is the hundreds digit of g?
7
Let a = -449 - 490. What is the units digit of a/(-27) + (-4)/(-18)?
5
Let x(o) = 20*o - 3 + 5 - 2 + 7. What is the units digit of x(3)?
7
Suppose 0*f = -3*f + u + 1307, -1734 = -4*f - 3*u. What is the hundreds digit of f?
4
Suppose -9*c + 6*c + 6 = 0. Suppose c*i = 4*i. Suppose -15 = -a - i*a. What is the units digit of a?
5
Let l = -803 - -1295. What is the hundreds digit of l?
4
Suppose 6*c - 19 = 221. Let p = 5 + -28. Let s = c + p. What is the units digit of s?
7
Suppose -4*u + 4 = 3*q + 12, -8 = -2*q + 4*u. Suppose 0 = -q*z - 7*z + 105. What is the units digit of z?
5
Let t(x) = 19*x - 7. Let w be t(1). Let s(p) = -p**3 + 13*p**2 - 10*p + 8. What is the tens digit of s(w)?
3
Let x(h) = 4*h**2 + 25*h - 1. What is the units digit of x(9)?
8
Let j(s) = -s**2 + 39*s - 1. What is the hundreds digit of j(34)?
1
What is the units digit of 19 - 3/((-3)/(-7))?
2
Let c(a) = 4*a + 5. Let j(o) = o**2 + o. Let i be j(-1). What is the units digit of c(i)?
5
Let n = -323 - -581. Let w = -145 + n. What is the units digit of w?
3
Let h(x) be the first derivative of 2*x**3/3 - x**2/2 - 32*x - 9. What is the units digit of h(9)?
1
What is the units digit of (266/28 + -5)/((-2)/(-120))?
0
Let t = -20 + 18. Let q be (-1 + t - -5) + 20. Suppose q*n = 25*n - 135. What is the tens digit of n?
4
Let d(n) = -n**2 + 3*n + 2. Let z be d(0). Let m(j) = -5*j**3 - j**3 + j - 2*j**z + 3*j**3 + 21 + 4*j**3. What is the tens digit of m(0)?
2
Let q be (372/(-30))/((-2)/10). Suppose -6*k + 16 - 4 = 0. What is the tens digit of q/k + 64/16?
3
Let t = 304 + -193. Let v = t - 71. What is the tens digit of v?
4
What is the hundreds digit of 183 - (-1)/((-4)/(-4))?
1
Let x(q) = -q**2 + 9*q + 3. Let f(t) = t**2 - 3*t + 11*t - 3 - 4*t. Let h be f(2). What is the units digit of